(-3).
-1
Let p be (-12)/(12/(-4)) + 0/1. Let y(i) = i - 5. Let w(v) = -1. Let c(m) = -2*w(m) + y(m). Determine c(p).
1
Let s(i) = 4*i - 4. Let n(l) = l + 1. Let b(d) = -3*n(d) + s(d). Give b(0).
-7
Let z(o) = -o**3 + 2*o**2 + 3. Let v(y) = -y**2 + y + 4. Let g be v(3). Let q be (-1 - g)*(-9)/3. Let l be q - (3 + -6) - -3. Calculate z(l).
-6
Let m(h) = 3 + 2*h + h - 4*h + 2*h. What is m(-5)?
-2
Let m(x) = x**3 - 7*x**2 - 10*x + 18. Let z be m(8). Let j be ((-3)/(-12))/(z/8). Let k(h) = 3*h**3 - 2*h**2 + h. Calculate k(j).
2
Let t(d) = -d**2 - d + 5. Let w be t(0). Suppose 3*b = 2*b - w. Let r(p) = -p - 9. What is r(b)?
-4
Suppose -5*p = -2*i - 2, p + 4 - 3 = -i. Let w(q) be the third derivative of -1/12*q**4 + 1/2*q**3 - 1/60*q**5 + 0 + p*q + 3*q**2. Give w(-5).
-12
Let h(l) = -2*l - 9. Suppose 20 + 4 = -4*j. What is h(j)?
3
Let s = -112 + 340/3. Let c(u) be the first derivative of -u + s*u**3 + 1 - 1/4*u**4 + 7/2*u**2. What is c(5)?
9
Let n(u) = -11*u - 9. Suppose 5*q + 6 = 2*q. Let t(d) = 5*d + 4. Let s(w) = q*n(w) - 5*t(w). Calculate s(-5).
13
Let v(r) = -13*r**2 + r + 6. Let i(w) = -13*w**2 + w + 7. Let h(y) = 5*i(y) - 6*v(y). Give h(-1).
13
Suppose -5*s + 3*a = 7*a + 60, -25 = 5*a. Let h = s - -13. Let r(u) = 3*u + 5*u**2 + h*u**3 + 4 + 2*u - 4*u**3. What is r(-4)?
0
Let v(y) be the second derivative of y**4/12 + y**3 - y**2/2 - 2*y + 44. What is v(-5)?
-6
Let j(i) = -7*i**3 + 6*i**2 - i + 3. Let d(k) = -3*k**3 + 3*k**2 - k + 2. Let p(w) = 5*d(w) - 2*j(w). Let n(g) = g**2 + 2*g. Let s be n(-3). What is p(s)?
-5
Let r be 0 + -2 + 6 - -1. Suppose 4*z = 17 - r. Let w(x) = 2*x**2 + x - 8. Let p(h) = 2*h**2 - 7. Let k(i) = 4*p(i) - 3*w(i). Give k(z).
5
Let h(i) = 3 + 0*i - 3 - 7 + i. Let u be h(5). Let d(p) = -21*p - 4. Let y(f) = 5*f + 1. Let b(r) = 2*d(r) + 9*y(r). Give b(u).
-5
Let a(c) be the first derivative of c**4/4 - 5*c**3/3 + c**2 + 1. Calculate a(4).
-8
Suppose 8 = 8*f - 4*f. Let m(v) = -f*v - 2*v + 2 + v. Let a be (-4)/((3 - 1) + -4). Determine m(a).
-4
Let i(b) = -2*b**2 + 2*b + 1. Let s be i(2). Let d(t) = -t - 3. Let n be d(s). Let u(l) be the second derivative of l**4/12 - l**3/6 + 2*l**2 - l. What is u(n)?
4
Let r(x) = -x**2 + 7*x - 7. Let q be -4*-3*15/36. What is r(q)?
3
Suppose -18 = -r - 5*t, -3*r + 2*r + 12 = 3*t. Let d = r - 2. Let p(q) be the third derivative of q**5/15 + q**4/24 - q**3/6 + 15*q**2. Determine p(d).
4
Let t be 3/(-9) - 28/6. Let x(s) = s**3 + 4*s**2 - 4*s - 1. Let p be x(t). Let h = p - -5. Let j(y) = -y**2 + 2*y + 1. Determine j(h).
-2
Let o(j) = 4*j**3 + 11*j**2 - 5*j + 4. Let r(v) = v**3 + 2*v**2. Let l(z) = -o(z) + 3*r(z). Give l(-6).
2
Suppose 2*q + 7 = 11. Suppose 0 = q*t + t + 6. Let n(i) = -2*i**3 - 3*i**2 - 4*i - 3. Calculate n(t).
9
Let w(q) = 9 + 62*q - 63*q + 4 + 1. Calculate w(7).
7
Suppose -2*m + 29 = 2*p - 5*p, -5*m = 25. Let h(n) = n**2 + 14*n + 19. Determine h(p).
6
Let j = -19 - -27. Suppose j*p - 14 = 10. Let q(a) be the first derivative of -a**3/3 + 5*a**2/2 - 3*a + 1. Calculate q(p).
3
Let j(c) = -7*c**3 + 2*c**2 - 2*c + 1. Let i(v) = -v + 15. Let g be i(9). Suppose -o = 2*o - g. Let x = -1 + o. Determine j(x).
-6
Let n(l) = 2*l - 7 + 2 + 3 + 3. Let c(w) = -w - 1. Let u be ((5/(-1))/1)/(-1). Let y(k) = u*c(k) + 4*n(k). Give y(1).
2
Let l(v) = -v**3 - 7*v**2 - 6*v. Let z be l(-6). Let j(k) = 4 - 2*k**2 + 3*k**2 + 0*k + k. Calculate j(z).
4
Let i(b) = 3*b**3 + 4*b**2 + b - 4. Let v(d) = d**3 + d**2 - 1. Let k(o) = -i(o) + 4*v(o). What is k(-1)?
0
Let c(o) = 6*o + 2. Let v(h) = -14*h - 3. Let t(n) = -5*c(n) - 2*v(n). What is t(-4)?
4
Let l(n) = -n**3 + 8*n**2 - 5*n + 2. Suppose -2*z = -z - 7. Let f be l(z). Suppose -3*x = x - f. Let k(v) = -v**2 + 2*v - 1. Determine k(x).
-9
Let k(f) = 0 - 3 + 0 + 3*f + f**2. Let c be k(-4). Let d(h) = 5*h**3 + h**2 - 1. What is d(c)?
5
Let f(c) = 4 - c - 7 + 0 + 2. Calculate f(1).
-2
Let b(j) = -j**3 + j - 1. Let c(z) = 3*z**3 + 4*z**2 + 3*z + 6. Let i(u) = -4*b(u) - c(u). Determine i(5).
-12
Let d(y) = y**2 + 6*y + 5. Let h(i) = -i + 2. Let k be h(7). Let v = k - -11. Let n be (-1)/(-1) - (v + -1). Determine d(n).
-3
Let f(v) = v - 1. Let q(o) = -2*o + 1 + 0 - o + o**3 - 2*o**2. Let n be q(3). What is f(n)?
0
Let o(u) = -u**2 + 3. Suppose i + 2*l - 2 = -3*i, 5*i - 2*l = 25. Let b be o(i). Let q(t) = 2*t + 7. Give q(b).
-5
Suppose 4*x + 4 = -8. Let y be (-24)/9*x*1. Let g be 10*-2*2/y. Let f(w) = -w**3 - 5*w**2 - 1. What is f(g)?
-1
Let a(k) = -k - 6. Let o be (-2 + -4)/2 + -2. Let h be o*(1 + (-1)/(-5)). Calculate a(h).
0
Let n(s) be the third derivative of -s**6/120 + s**5/12 - s**4/8 + s**3/2 + 6*s**2. Give n(4).
7
Let n(k) = -k**2 - 3*k - 1. Let w(a) = -2*a**2 + 1. Let f = 5 - 4. Let m be w(f). Determine n(m).
1
Let m(z) = -4*z - 3. Let u = -8 - -6. Let i be m(u). Let n(p) = 10*p - 9*p + 2 - p**2 + 2*p. Give n(i).
-8
Let u = -1 - 0. Let q(n) = 3*n**2 - 1. Calculate q(u).
2
Suppose 14*s - 14 = 7*s. Let p(n) be the first derivative of -3*n + 1 + 1/3*n**3 + s*n**2. What is p(-4)?
-3
Let n be 3/(-2) + (-1)/(-2). Let u(k) = k + 1. Let v(p) be the first derivative of -2*p**2 - 6*p + 1. Let i(o) = 11*u(o) + 2*v(o). Give i(n).
-4
Suppose 10 = -5*v + 10*v. Let j(n) = -1 + 4*n**v - 11*n**2 - n + 0. Let h be (-2)/3 + 2/(-6). Calculate j(h).
-7
Let o(x) be the second derivative of x**4/6 + x**2/2 + 3*x. Let c(w) be the first derivative of -w**2/2 - 2*w + 1. Let a be c(-3). What is o(a)?
3
Let n be (-15)/(-10)*44/(-6). Let k = -10 - n. Let c(l) = 5*l**2. Calculate c(k).
5
Let g(j) be the third derivative of j**5/60 + j**4/24 - j**3/3 + 2*j**2. Let i(n) = -n**2 + 1. Let z = 2 - 1. Let t(k) = z*g(k) + 3*i(k). What is t(-2)?
-9
Let n = 4 + -12. Let t(k) = -k**2 - 6*k + 11. Give t(n).
-5
Let f(t) = 7*t**3 + 8*t**2 - 9*t - 12. Let a(p) = 15*p**3 + 16*p**2 - 18*p - 25. Let j(h) = 6*a(h) - 13*f(h). What is j(-9)?
6
Suppose -4*c = -2*r + 8, 5*c - 4*r - 5 = -21. Let g(h) = h**3 - 15. What is g(c)?
-15
Let j(k) be the second derivative of -3*k**5/5 + 3*k. What is j(1)?
-12
Let c(j) = j + 5. Let o be c(-6). Let u(v) = -10*v + 5. Let g(q) = -15*q + 7. Let f(a) = 5*g(a) - 7*u(a). Calculate f(o).
5
Let z(y) = 7 + y**3 + 5*y**2 - y - 2*y - y. Let s(w) = w**3 - 5*w**2 + w - 11. Let l be s(5). Give z(l).
-5
Let w(c) = -c + 10. Suppose -2*m - 32 = -44. Determine w(m).
4
Let g be ((2 - 1) + -1)/(-2). Let q = g + 0. Let x(h) = -4 + 0*h**2 - h - 3*h**2 + 2*h**2. What is x(q)?
-4
Let p(a) = 2*a - 2. Let i(m) = -m + 4. Let b be i(1). What is p(b)?
4
Let a = -4 - -6. Let n(k) be the third derivative of -1/15*k**5 + 1/120*k**6 + 1/6*k**4 + 0 - 3*k**2 + 0*k - 1/2*k**3. Calculate n(a).
-3
Let q be (-15)/10 + (-1)/2. Let i(s) be the second derivative of -s**5/20 - s**4/3 - s**3/3 + s**2 + 2*s. Give i(q).
-2
Let q(o) = -6*o. Let k(m) = m**2 - 1. Let i be k(-2). Suppose i*f + 0 + 3 = 0. Calculate q(f).
6
Let q(r) be the first derivative of r**3/3 - 5*r**2/2 + 3*r + 2. Suppose a = -0*a - 4*b + 11, 0 = -a - b + 5. What is q(a)?
-3
Let d(j) = j + 2 - 1 + 1. Suppose 18*z = -106 + 16. Calculate d(z).
-3
Let o(v) be the first derivative of -v**4/12 + 3*v**2/2 + 10. Let h(z) be the second derivative of o(z). Give h(-3).
6
Let s(z) = -z**3 + 5*z**2 + 2. Let k be s(5). Suppose g + 0 - 2 = 0. Suppose g = -j + k*j. Let t(u) = 4*u. Determine t(j).
8
Let r be (-178)/26 + 10/(-65). Let k(i) = i + 6. Determine k(r).
-1
Let l(j) = -j**3 + 6*j**2 - 3*j - 6. Let w be l(5). Suppose -i + 22 = -w*t, 0 = t - 5*i + i - 2. Let s(c) = c**2 + 4*c - 4. What is s(t)?
8
Suppose -4*g + 3*c - 12 = 5*c, 0 = 4*g - 5*c + 40. Let v(i) = 5*i + 5 - i**3 - 4*i**2 + 0 + 0*i. Let d be v(g). Let q(m) = -m**2 + 5*m - 6. What is q(d)?
-6
Let m(f) = -f**2 - 3*f - 1. Let n be m(-2). Let b = 7 - 4. Suppose -b*w = -2*w - n. Let p(x) = -7*x. Calculate p(w).
-7
Let n(t) = t + 10. Let j be (-30)/(-9) + 3/(-9). Let k = j - 10. Calculate n(k).
3
Let m = 18 - 17. Let z be -1*(-2 + -1)/m. Let o(i) = 5*i**2 - 3*i + 8. Let g(j) = j**2 - j + 1. Let h(x) = -6*g(x) + o(x). Calculate h(z).
2
Let y(s) = -3*s - 5. Let r = -41 + 35. What is y(r)?
13
Let o(p) = -p**2 - 2*p + 0 + 2 - 2*p + 3*p. Let y be o(2). Let c be 23/y + 2/(-8). Let z(l) = l**3 + 6*l**2. Give z(c).
0
Let o(s) = s**2 - 5*s + 1. Let y = -168 + 170. Calculate o(y).
-5
Let n = -13 + 